(-87 - 13).
-25
Evaluate (-5 - 16) + 0 + 170 + -166.
-17
7 + (-3 - (-4 + (-2 - 2)) - (-42 + 16))
38
Calculate 6 + (20 - 25 - (1 - -11)) + -4.
-15
What is the value of 32 + 2 + (1114 - 1152)?
-4
Evaluate (-1 - 11) + 2013 + -1998.
3
What is -28 - (-66 + 36 + -35)?
37
-3 - 69 - (-19 + -52)
-1
-26 + (-21 - 62 - -126)
17
Evaluate (3 - (-25 + 18)) + 4 + 14.
28
Calculate (-1 - 1) + 78 + -28 + (866 - 874).
40
What is the value of -14 - (9 - ((9 - (4 + 1)) + 4 + -11))?
-26
What is the value of (17 - ((49 - 13) + -7)) + (22 - 17)?
-7
Calculate (-7 - -9 - ((7 - (-11 + 23)) + 35)) + -12.
-40
What is the value of -4 + 79 + -25 + -2 + (6 - (-3 + 7))?
50
Evaluate (101 + -55 - (7 + -5 + 4 + -2)) + -12.
30
What is the value of 23 + 19 + -49 + -7?
-14
(-105 - -97) + -2 + (1 - 0) + (-88 - -88)
-9
Evaluate -34 - -69 - (8 + -1) - (13 + (-36 - -15)).
36
Evaluate -17 - (22 - (-37 + 54)).
-22
What is the value of 18 - (-1 + (-51 - -28))?
42
What is 20 + -35 - -22 - (49 - (0 + -1))?
-43
Calculate -99 + (-33 - ((9 - 49) + -1) - (1 + 8)).
-100
Evaluate (0 - 12) + -4 + -9 + -71.
-96
Evaluate (-74 - (14 - 10)) + 151.
73
1 + (-4 - (33 + 5)) + 17 + -1
-25
What is -2 + -26 + -2 + 19580 + -19635?
-85
(-3 + 7 - 6) + -14 + -5 + 14
-7
What is 210 + -266 + (31 - 1)?
-26
Evaluate 54 + -11 - 67 - (0 - (2 + 0)) - -2.
-20
Calculate -40 - (-49 - 37 - -37).
9
Calculate 16 + (20 - (-28 - -30)) + 1 + 0.
35
-19 + 2 + 4 + -28 + (37 - -15)
11
What is -2 - -126 - ((44 - 0) + -6 - 29)?
115
Calculate (2 - -22) + (26 - (24 - 10 - -3)) + -3.
30
Evaluate 92 + 1 + -2 + (-107 - (15 - 120)).
89
-46 + -121 + 93 - (-9 - 1)
-64
Calculate 1 + -22 + (236 - 355) + 114.
-26
What is the value of 1 + 15 + -4 + -55 + -13 + 20 + -14?
-50
1 - 3 - ((34 - -2 - 26) + (-3 - 18))
9
Calculate 2 + -20 + 10 + 0 - (-4 + 2 + -31).
25
What is -32 + (141 - 42) + -20?
47
Calculate (-5 - 1) + 4 + 88 - (21 - (-7 + 41)).
99
What is 4 - 0 - (5 - (-3 - -14) - (158 + -204))?
-36
(-120 - -366) + -145 - 210
-109
Evaluate -81 - (-140 - -70) - 22.
-33
Evaluate -155 - (-351 - (-104 + 12)).
104
Calculate 115 - ((-3 - -11) + (-12 - (-3 - 13) - 18)).
121
13 - (86 + -5 + -4) - (-76 - -77)
-65
Calculate (-6 + 86 - 29) + -97.
-46
What is 50 + 1 + (57 - (22 + 23))?
63
Evaluate 5 - (24 - (-5 - -10)) - (-12 - -11).
-13
What is (-35 - (72 - (25 - 31))) + 21?
-92
What is the value of 16 + (-1 - 2) + (57 - 42) + -33 + 81?
76
Calculate 3 - (-55 - (29 - 57)).
30
What is the value of (-1 - 75) + 28 + (-21 - (60 + -36))?
-93
Evaluate -492 - -498 - (-7 - 1) - -3.
17
What is the value of 82 + -1 + -15 + 8 + 5 - (-7 + 5)?
81
What is the value of -4 - -3 - (-2111 + 2057)?
53
What is the value of (15 + -5 - (3 - -3)) + -1?
3
Calculate (-1 + 13 - (-18 + 45 + -12)) + 0 + -25.
-28
What is the value of (-160 + 91 - -28) + -8?
-49
-45 - (-22 + 30 + -15 + -7 + 13 + 5)
-49
2 + 34 + (23 - 15) + -18 + 11
37
Evaluate (-19 - -126 - 111) + -45 + 1.
-48
What is (17 - 3 - 1 - (53 - (-16 + 62))) + -86?
-80
-17 - ((5 - -4) + -20 + 25)
-31
Evaluate (5 + -10 - (63 - 79)) + 10.
21
What is the value of (4 - 2) + -4 - (31 + (23 - (21 + 0)))?
-35
Calculate -16 + -3 + -27 + (4 - 2).
-44
Evaluate 59 + (-84 - -56 - 14).
17
Evaluate 17 + 10 + (26 + -10 - 52).
-9
Evaluate -53 + 50 + 44 - 53.
-12
Calculate 649 - 623 - (17 - -1) - (1 + -10).
17
Calculate -561 - -571 - (-9 + 12 - (-1 + -8)).
-2
(-12 - -22 - 7) + (23 - 0) + (-177 - -183)
32
What is the value of -13 + 1 + (55 - 19 - 1 - 32)?
-9
Evaluate (0 - -6 - (0 + (2 - 4))) + -48477 + 48394.
-75
Calculate -16 - -28 - -4 - (47 + 12).
-43
Calculate 81 + (3 + -22 - (6 - 29 - (-45 + 27))).
67
(30 + -11 + -10 - (-12 + -53 - -10)) + -4
60
What is -1 + -41 + -1519 + 1517?
-44
What is the value of 14 + (4 - -9) + 2 + -110?
-81
64 + (-2 - 110) - (0 + -6)
-42
Evaluate (111 - 61 - 84) + 43.
9
What is the value of (64 - 54) + 1 + (5 - -37) + -1?
52
Evaluate (7 - 23 - -15) + -16 - -17.
0
What is -19 + -1 - (3 + -13 - (5 - 0 - 8))?
-13
What is the value of (-33 - -29) + (6 - (-1 + 10)) + 1 + -20?
-26
(1 - -8) + (50 - (49 - 21))
31
What is the value of 12 + 43 + (8 - 55) + (-4 - (1 + 2))?
1
What is (5 - 20) + 11 + 12 + -129 + (18 - 6)?
-109
Calculate 64 + -120 - -25 - -6.
-25
(-8 - 10) + 9 + (-30 + 12 - 2)
-29
-5 - -12 - 42 - (8 + 1 - 8)
-36
What is 673 + -683 - (-116 + 7 + (-1 - 3) + 0)?
103
Calculate 79 + -98 + 44 - (-12 + -4 + 12).
29
Evaluate (-90 + 4 - 31) + 34.
-83
What is ((-16 - -10) + 8 - 0) + (-4 - -49)?
47
Calculate (-312 - -265) + (0 - -86).
39
(-15 - -8 - 2) + (-9 + 3 - 3) + -67
-85
Evaluate (-3 - (51 - (-6 + (-17 - -12)))) + (-13 - -4).
-74
Evaluate -986 - -891 - (-53 + 6).
-48
What is (-26 - (-80 + 66)) + -3?
-15
What is the value of (-13 - (-25 - ((0 - -19) + -27))) + (0 - 8)?
-4
What is 3 + 0 + 12 + -13 + 10 + -10?
2
Evaluate -27 + 14 - (17 + 3 - 26).
-7
What is the value of -89 - (-4 - (-9 + -28 + 29))?
-93
What is the value of 149 + -171 - (10 + -69)?
37
Calculate 15 - -22 - 13 - -11.
35
Calculate (2 - (-1 - -12)) + -7 + -52 + 21 + 11.
-36
(-7 - 3) + 7 + (5 - -65 - -36)
103
What is the value of -34 + -46 + 13 + -18 + -2 + 25?
-62
What is -1 + -31 + 2001 + -1874 + -5?
90
What is the value of -1 + -197 - (-297 - -147)?
-48
(-159 - -277 - -137) + -170
85
What is -73 + 41 + (12 - -8 - (-2 - -8))?
-18
What is (135 + -136 - 36) + 2 + 18 + -2?
-19
Evaluate 4 - (14 + (-5 - 10) + 11).
-6
Evaluate (-2 - -7) + 16 + -1 + -1 + -8 + -15.
-4
-78 + 109 + -94 + -29
-92
-11 - (-21 + -22) - 49
-17
45 - 164 - (-67 + 7)
-59
(0 - (-1 - -5)) + (-2980 - -2963)
-21
Calculate (4 + -15 - -51) + -19 + -36.
-15
Evaluate 57 + 45 + -98 + 35.
39
Evaluate (-3 - (6 + (-25 - -18))) + -1.
-3
Evaluate -32 - ((-83 - -90 - (0 + -2 + 19)) + 11).
-33
1 + -14 + -218 + (399 - 200)
-32
(-5012 - -5004) + (-3 - 1)
-12
Calculate 52 - -2 - (387 + -323).
-10
What is the value of -1 + 27 - ((-232 - -107) + 143)?
8
Evaluate -10 + -15 + 3 + (-31 - -35 - (6 + 0)).
-24
-171 + 137 - (9 + -72)
29
What is the value of 0 + (-39 - -5) - (-239 + 256)?
-51
What is (10 - 4) + 31 - (-822 - -789)?
70
What is 68 + -168 - -84 - (-26 + 2)?
8
What is 880 - 785 - (-6 + 11)?
90
What is 16 + (10 + 7 - 18 - 5) - -43?
53
-1 + (-12 - -20) + (-12 - (3 - 0)) - 9
-17
Calculate -36 - (-7 + 4 + 5) - (55 - (7 - -48)).
-38
0 + 81 + -1 - ((268 - 178) + -72)
62
Calculate -121 + 164 + (108 - 256).
-105
0 - (27 + (-2 + 16 - 23))
-18
Calculate 17 + 5 + -68 + 49 - (-1 - (-22 - -1)).
-17
Calculate 15 + 0 + -12 + (-17 - -17) - 135.
-132
(-161 - 3) + 1226 + -1120
-58
Calculate 16040 + -16110 - (3 - 13 - 3 - 2).
-55
What is the value of (-23 - (20 - 29)) + (-6 - (-45 + -7))?
32
What is 0 - 0 - (-2 - 6) - (-6955 - -6969)?
-6
What is 17 - -24 - 10 - 24 - (-1 + (-2 - 8))?
18
What is the value of -11 + -115 + 109 + (12 - 0) + -14 + 109?
90
-14 + 0 - (-25 - (8 - 30))
-11
Calculate -26 + 23 + (7 - 28) + 70.
46
What is -63 + (-42 - -46 - -44)?
-15
-22 - (17 + (-42 - 4)) - -19
26
What is the value of -118 + 6 + (-12 - -21) + (5 - 14)?
-112
What is (-11 - (-7 + 0 + (-298 - -290))) + -132?
-128
What is the value of (-1 + -6 - 0) + (-7 - -35) + 23 + -23?
21
-1 + (-14 - (-98 - -15 - -1 - (-4 + 2)))
65
Calculate (-34 + -10 + 69 - (8 - -3)) + 2 + -6.
10
-20 + (-52 - 6) - -101
23
What is 183 + -94 + (-7 + 15 - 3) + -15?
79
-51 + (1 - -4 - (-387 - -407))
-66
What is the value of -39 + (0 - -2) + 3 + 24 + -19?
-29
Calculate 1 + -7 + (28 + -117 - -123).
28
-71 + (31 - 8) + (-2 - -5 - 2)
-47
What is the value of -1 - -8 - (21 + -27 - 15 - -16)?
12
Evaluate 22 - (-45 - (13 - -23 - 68)).
35
Calculate (-1 - -85) + (-61 + 60 - 12) - (1 - -9).
61
2 + 2 + -103 + -12 + (12 + 2 - 14)
-111
What is -23 + -5 + (32 - -96)?
100
What is -12 + (114 + -56 - 22)?
24
Evaluate (-25 - 4) + -12 + 10.
-31
Calculate 0 + 42 + (8 - -6 - (13 + (0 - -1))).
42
Evaluate -5 - -3 - 3 - (-68 - -18).
45
What is the value of (8 - (17 - -24)) + 3 + (-2 - 0) + 3?
-29
(-1 - -1 - 2) + ((-2 - 29) + 28 - 2)
-7
Calculate 9 + -16 + -31 + 30 + -4.
-12
What is -3 - (0 + -6 - -8) - (-171 + 156)?
10
What is the value of 72 + -148 + 32 + (0 - 25)?
-69
-9 + 12 + 0 + 0 + (-3 - -27 - 7)
20
What is 221 + -210 - (-2 + -4) - 18?
-1
Evaluate (2 + -49 - -1) + 34 + 19 + -38.
-31
What is the value of (206 - (-70 - -115)) + -190?
-29
Evaluate (7 - (-14 - -6)) + 1 + -4 + -66 + 4.
-50
What 